alculate the remainder when 59 is divided by 10.
9
What is the remainder when 214 is divided by 73?
68
Calculate the remainder when 462 is divided by 13.
7
What is the remainder when 294 is divided by 37?
35
Calculate the remainder when 217 is divided by 22.
19
What is the remainder when 209 is divided by 44?
33
What is the remainder when 31 is divided by 17?
14
What is the remainder when 39 is divided by 2?
1
What is the remainder when 36 is divided by 29?
7
What is the remainder when 631 is divided by 26?
7
What is the remainder when 1142 is divided by 39?
11
Calculate the remainder when 4249 is divided by 44.
25
Calculate the remainder when 380 is divided by 24.
20
Calculate the remainder when 388 is divided by 13.
11
Calculate the remainder when 1725 is divided by 17.
8
What is the remainder when 97 is divided by 8?
1
What is the remainder when 1228 is divided by 5?
3
What is the remainder when 451 is divided by 35?
31
Calculate the remainder when 118 is divided by 40.
38
What is the remainder when 2002 is divided by 479?
86
What is the remainder when 115 is divided by 53?
9
Calculate the remainder when 1718 is divided by 20.
18
What is the remainder when 153 is divided by 46?
15
What is the remainder when 203 is divided by 155?
48
Calculate the remainder when 3430 is divided by 46.
26
What is the remainder when 56 is divided by 35?
21
What is the remainder when 958 is divided by 96?
94
What is the remainder when 2103 is divided by 49?
45
What is the remainder when 379 is divided by 50?
29
What is the remainder when 60 is divided by 20?
0
Calculate the remainder when 111 is divided by 23.
19
What is the remainder when 1739 is divided by 15?
14
Calculate the remainder when 2159 is divided by 23.
20
What is the remainder when 54 is divided by 16?
6
What is the remainder when 115 is divided by 33?
16
What is the remainder when 2078 is divided by 104?
102
Calculate the remainder when 150 is divided by 94.
56
What is the remainder when 129 is divided by 66?
63
Calculate the remainder when 384 is divided by 189.
6
Calculate the remainder when 23357 is divided by 80.
77
What is the remainder when 256 is divided by 131?
125
Calculate the remainder when 763 is divided by 35.
28
What is the remainder when 3 is divided by 1?
0
Calculate the remainder when 93 is divided by 16.
13
What is the remainder when 85 is divided by 23?
16
What is the remainder when 190 is divided by 51?
37
Calculate the remainder when 78 is divided by 13.
0
Calculate the remainder when 845 is divided by 9.
8
Calculate the remainder when 84 is divided by 3.
0
Calculate the remainder when 524 is divided by 106.
100
What is the remainder when 473 is divided by 95?
93
What is the remainder when 1994 is divided by 102?
56
What is the remainder when 285 is divided by 60?
45
What is the remainder when 93 is divided by 21?
9
Calculate the remainder when 559 is divided by 116.
95
Calculate the remainder when 961 is divided by 74.
73
What is the remainder when 515 is divided by 260?
255
Calculate the remainder when 23204 is divided by 7.
6
Calculate the remainder when 87 is divided by 76.
11
What is the remainder when 704 is divided by 24?
8
What is the remainder when 10805 is divided by 1799?
11
What is the remainder when 43 is divided by 29?
14
What is the remainder when 81 is divided by 6?
3
Calculate the remainder when 9169 is divided by 6.
1
What is the remainder when 4565 is divided by 8?
5
What is the remainder when 301 is divided by 38?
35
Calculate the remainder when 304 is divided by 5.
4
Calculate the remainder when 9575 is divided by 8.
7
Calculate the remainder when 479 is divided by 68.
3
What is the remainder when 379 is divided by 32?
27
What is the remainder when 274 is divided by 12?
10
Calculate the remainder when 738 is divided by 703.
35
What is the remainder when 146 is divided by 50?
46
Calculate the remainder when 364 is divided by 59.
10
What is the remainder when 220 is divided by 116?
104
What is the remainder when 53 is divided by 24?
5
Calculate the remainder when 1129 is divided by 67.
57
Calculate the remainder when 263 is divided by 104.
55
Calculate the remainder when 779 is divided by 6.
5
What is the remainder when 113 is divided by 52?
9
Calculate the remainder when 120 is divided by 6.
0
What is the remainder when 734 is divided by 104?
6
Calculate the remainder when 5751 is divided by 820.
11
Calculate the remainder when 28 is divided by 8.
4
Calculate the remainder when 71 is divided by 23.
2
What is the remainder when 73 is divided by 44?
29
Calculate the remainder when 810 is divided by 28.
26
What is the remainder when 189 is divided by 38?
37
Calculate the remainder when 231 is divided by 58.
57
Calculate the remainder when 88 is divided by 8.
0
Calculate the remainder when 113 is divided by 37.
2
Calculate the remainder when 636 is divided by 80.
76
What is the remainder when 8372 is divided by 335?
332
Calculate the remainder when 414 is divided by 140.
134
What is the remainder when 11519 is divided by 10?
9
What is the remainder when 9521 is divided by 679?
15
What is the remainder when 68 is divided by 19?
11
Calculate the remainder when 507 is divided by 70.
17
Calculate the remainder when 47 is divided by 26.
21
Calculate the remainder when 363 is divided by 136.
91
What is the remainder when 258 is divided by 13?
11
Calculate the remainder when 144 is divided by 30.
24
What is the remainder when 1151 is divided by 12?
11
Calculate the remainder when 468 is divided by 432.
36
What is the remainder when 14286 is divided by 19?
17
Calculate the remainder when 129 is divided by 72.
57
Calculate the remainder when 1042 is divided by 346.
4
Calculate the remainder when 314 is divided by 109.
96
What is the remainder when 145 is divided by 143?
2
What is the remainder when 1338 is divided by 10?
8
What is the remainder when 569 is divided by 562?
7
Calculate the remainder when 47 is divided by 4.
3
What is the remainder when 496 is divided by 24?
16
What is the remainder when 213 is divided by 81?
51
What is the remainder when 78 is divided by 21?
15
Calculate the remainder when 5848 is divided by 117.
115
Calculate the remainder when 54 is divided by 12.
6
What is the remainder when 250 is divided by 137?
113
Calculate the remainder when 3485 is divided by 11.
9
What is the remainder when 146 is divided by 12?
2
What is the remainder when 12 is divided by 7?
5
Calculate the remainder when 69 is divided by 8.
5
What is the remainder when 1718 is divided by 23?
16
What is the remainder when 3619 is divided by 515?
14
Calculate the remainder when 355 is divided by 53.
37
Calculate the remainder when 1437 is divided by 36.
33
Calculate the remainder when 39 is divided by 29.
10
What is the remainder when 1616 is divided by 10?
6
What is the remainder when 3064 is divided by 42?
40
What is the remainder when 582 is divided by 148?
138
Calculate the remainder when 4502 is divided by 2246.
10
Calculate the remainder when 2087 is divided by 12.
11
What is the remainder when 76 is divided by 71?
5
Calculate the remainder when 385 is divided by 78.
73
What is the remainder when 84 is divided by 17?
16
Calculate the remainder when 69 is divided by 59.
10
Calculate the remainder when 1367 is divided by 9.
8
Calculate the remainder when 9790 is divided by 6.
4
What is the remainder when 350 is divided by 16?
14
What is the remainder when 399 is divided by 20?
19
Calculate the remainder when 380 is divided by 98.
86
Calculate the remainder when 902 is divided by 101.
94
What is the remainder when 235 is divided by 16?
11
What is the remainder when 1916 is divided by 112?
12
Calculate the remainder when 579 is divided by 55.
29
Calculate the remainder when 1382 is divided by 10.
2
What is the remainder when 1176 is divided by 1176?
0
Calculate the remainder when 247 is divided by 62.
61
Calculate the remainder when 2692 is divided by 49.
46
Calculate the remainder when 37 is divided by 3.
1
What is the remainder when 70 is divided by 19?
13
Calculate the remainder when 232 is divided by 39.
37
What is the remainder when 5674 is divided by 12?
10
Calculate the remainder when 462 is divided by 4.
2
What is the remainder when 888 is divided by 149?
143
Wh